8112597 is divided by 8115.
8032
What is the remainder when 7930507 is divided by 12?
7
Calculate the remainder when 40934 is divided by 40826.
108
What is the remainder when 6388674 is divided by 16133?
6
What is the remainder when 30946598 is divided by 4557?
11
Calculate the remainder when 3465034 is divided by 18429.
382
Calculate the remainder when 5875306 is divided by 1176.
10
Calculate the remainder when 301826 is divided by 5687.
415
Calculate the remainder when 10112607 is divided by 43.
39
What is the remainder when 2139661 is divided by 356606?
25
Calculate the remainder when 1306411 is divided by 1306319.
92
Calculate the remainder when 52536 is divided by 52477.
59
Calculate the remainder when 5453 is divided by 5443.
10
What is the remainder when 19973 is divided by 33?
8
What is the remainder when 23481030 is divided by 547?
508
What is the remainder when 80305 is divided by 3565?
1875
What is the remainder when 231412 is divided by 804?
664
What is the remainder when 158034238 is divided by 1638?
1636
Calculate the remainder when 18997 is divided by 865.
832
What is the remainder when 2602753 is divided by 788?
777
Calculate the remainder when 62954279 is divided by 852.
851
Calculate the remainder when 209192366 is divided by 69730785.
11
Calculate the remainder when 675905617 is divided by 76.
73
What is the remainder when 151581 is divided by 3458?
2887
Calculate the remainder when 158953004 is divided by 79476492.
20
Calculate the remainder when 124675 is divided by 41467.
274
Calculate the remainder when 236186 is divided by 1068.
158
What is the remainder when 4002831 is divided by 3273?
3225
What is the remainder when 1182864 is divided by 196?
4
Calculate the remainder when 36157967 is divided by 132.
131
What is the remainder when 1061169 is divided by 14?
11
What is the remainder when 1503065 is divided by 36?
29
Calculate the remainder when 1039082 is divided by 259549.
886
Calculate the remainder when 36703 is divided by 232.
47
Calculate the remainder when 1251766 is divided by 1687.
12
Calculate the remainder when 361210 is divided by 273.
31
What is the remainder when 1177090 is divided by 6689?
6515
Calculate the remainder when 71974 is divided by 4230.
64
What is the remainder when 41804771 is divided by 38?
21
What is the remainder when 7371250 is divided by 81?
7
What is the remainder when 1198105 is divided by 599037?
31
What is the remainder when 1235201952 is divided by 9035?
9032
Calculate the remainder when 8880322 is divided by 25445.
17
Calculate the remainder when 22445182 is divided by 49.
46
What is the remainder when 37601200 is divided by 2066?
0
Calculate the remainder when 25599956 is divided by 109.
107
What is the remainder when 54014 is divided by 5093?
3084
What is the remainder when 7237499 is divided by 395?
309
What is the remainder when 21784 is divided by 160?
24
What is the remainder when 1237945 is divided by 96?
25
What is the remainder when 21870 is divided by 3553?
552
What is the remainder when 1079393 is divided by 90?
23
Calculate the remainder when 2056291983 is divided by 1007.
1004
What is the remainder when 141506302 is divided by 192?
190
Calculate the remainder when 407035 is divided by 6453.
496
Calculate the remainder when 42664 is divided by 2351.
346
Calculate the remainder when 112816 is divided by 468.
28
What is the remainder when 10944014 is divided by 1425?
14
Calculate the remainder when 183047325 is divided by 4512.
4509
What is the remainder when 1233344 is divided by 5?
4
Calculate the remainder when 10742884 is divided by 2148568.
44
What is the remainder when 4902085 is divided by 853?
747
Calculate the remainder when 161248 is divided by 713.
110
Calculate the remainder when 151587334 is divided by 1450.
1434
What is the remainder when 50210178 is divided by 43699?
27
Calculate the remainder when 27828708 is divided by 144.
132
What is the remainder when 16764825 is divided by 50649?
6
What is the remainder when 139052943 is divided by 21301?
15
What is the remainder when 26943 is divided by 16?
15
What is the remainder when 113607152 is divided by 741?
737
What is the remainder when 37258237 is divided by 83?
35
Calculate the remainder when 1655421 is divided by 96.
93
Calculate the remainder when 161762357 is divided by 12098.
12097
What is the remainder when 1774437 is divided by 686?
441
What is the remainder when 594554 is divided by 33028?
50
What is the remainder when 4886322 is divided by 664?
610
Calculate the remainder when 425102908 is divided by 4145.
4143
Calculate the remainder when 115630710 is divided by 3400903.
8
What is the remainder when 29481 is divided by 1604?
609
What is the remainder when 25113802 is divided by 3932?
118
What is the remainder when 6984664 is divided by 117?
115
Calculate the remainder when 51652 is divided by 187.
40
Calculate the remainder when 9914358 is divided by 590.
588
What is the remainder when 127370 is divided by 9078?
278
What is the remainder when 36245 is divided by 18093?
59
What is the remainder when 69187 is divided by 68587?
600
Calculate the remainder when 16903912 is divided by 13003.
12
Calculate the remainder when 247471 is divided by 49270.
1121
What is the remainder when 1185966 is divided by 904?
822
What is the remainder when 5286045 is divided by 79?
76
Calculate the remainder when 51654768 is divided by 113777.
10
What is the remainder when 266005 is divided by 131446?
3113
Calculate the remainder when 3996751 is divided by 3711.
4
Calculate the remainder when 171039556 is divided by 57.
55
What is the remainder when 113428693 is divided by 51071?
2
What is the remainder when 101792670 is divided by 101792670?
0
What is the remainder when 10343139 is divided by 1149237?
6
What is the remainder when 276099083 is divided by 711?
8
Calculate the remainder when 687770 is divided by 254.
192
Calculate the remainder when 12184008 is divided by 381.
9
What is the remainder when 4730363 is divided by 12716?
11
Calculate the remainder when 49385249 is divided by 2456.
1
Calculate the remainder when 214029 is divided by 8222.
257
What is the remainder when 10605361 is divided by 67?
65
Calculate the remainder when 2076484 is divided by 162.
130
What is the remainder when 1092726 is divided by 5782?
5710
Calculate the remainder when 5236358 is divided by 1090.
1088
Calculate the remainder when 41020847 is divided by 792.
791
Calculate the remainder when 1187732 is divided by 1664.
1300
Calculate the remainder when 448005 is divided by 192.
69
What is the remainder when 13925217 is divided by 3481301?
13
Calculate the remainder when 335794911 is divided by 153.
150
Calculate the remainder when 2248345 is divided by 3615.
3430
Calculate the remainder when 2903921 is divided by 605.
526
Calculate the remainder when 20016497 is divided by 5004123.
5
What is the remainder when 4700897 is divided by 1175192?
129
Calculate the remainder when 300521 is divided by 16652.
785
What is the remainder when 192700344 is divided by 1789?
1787
Calculate the remainder when 6753394 is divided by 297.
208
Calculate the remainder when 2540446 is divided by 118.
24
Calculate the remainder when 338326 is divided by 112565.
631
What is the remainder when 9915469 is divided by 112?
109
What is the remainder when 3786429 is divided by 7666?
7091
Calculate the remainder when 251018 is divided by 82301.
4115
Calculate the remainder when 455853 is divided by 35060.
73
Calculate the remainder when 1759009 is divided by 95.
84
What is the remainder when 13181258 is divided by 4393750?
8
What is the remainder when 1906150 is divided by 165?
70
What is the remainder when 11408890 is divided by 1901479?
16
What is the remainder when 489301 is divided by 28750?
551
Calculate the remainder when 164161 is divided by 27357.
19
Calculate the remainder when 552454 is divided by 3290.
3024
Calculate the remainder when 12861 is divided by 3117.
393
What is the remainder when 122786 is divided by 6683?
2492
What is the remainder when 5807517 is divided by 222?
219
What is the remainder when 2472603 is divided by 2472355?
248
Calculate the remainder when 319379 is divided by 319356.
23
Calculate the remainder when 804855882 is divided by